((1 + -15 - -4) + 18)?
36
What is 4 + 39 + (-1 - -2) + (12 - 26)?
30
What is the value of -21 + (-45 - -39) - -17?
-10
What is 117 - (2 + 6 + 10 - (9 + -5))?
103
-63 - ((-12 - 37 - -37) + (1 - -32))
-84
0 + -63 - 0 - (-24 + (24 - 13))
-50
-3 + (1 - (9 - 27)) + 62
78
What is the value of 89 + -18 + -50 - -110?
131
-27 - -1 - (19 - 87)
42
75 + (2 - 2) - (-3826 + 3835)
66
What is the value of 21 + 2 + (-7 - -7 - (5 + 4))?
14
Calculate -132 + 139 - (9 - 2) - -14.
14
What is (-5 - -36) + 4 + (16 + -17 - 8) + -8?
18
Calculate 1 - (40 - 2) - (-29 + 48 + -24).
-32
-8 + (-1 - 0 - -6) - ((58 - 38) + -86)
63
Evaluate -35 - (-61 - (41 - 94)).
-27
What is 76 - (15 + -3 + -27 + (56 - 37))?
72
What is 125 - (-20 - (-3 + 33 - 35))?
140
Evaluate -44 - (17 - 25) - (-23 + 2).
-15
What is the value of 0 + 18 - (4 - ((-37 - 2) + -28))?
-53
What is 34 + (2 - (48 + 15))?
-27
Evaluate 4 + (-8 - 6) - ((-12 - -9) + 30) - -7.
-30
Evaluate 56 - 36 - (37 - -7).
-24
Calculate -12 - ((-22 - 28) + 11 + 7 + -5).
25
Calculate (-21 - (15 - 3)) + 7 + 9 + -17.
-34
24 - -3 - (-1 - -1) - (-159 + 335 + -173)
24
What is the value of -18 + 0 + 4 + 10 + 5 - 46?
-45
(30 - (64 + -35)) + -38 + -1
-38
628 - 653 - ((-1 - 5) + 15)
-34
What is 17 - (90 - 2 - (-9 + -10 + 20))?
-70
Evaluate 1702 + -1716 - ((-1 - -5) + 5).
-23
What is -5 + -4 + (-24 - 18 - 17) + (15 - 0)?
-53
Calculate (1 - 0) + -10 - 1 - -3.
-7
What is the value of -42 + (33 - -4) + -33?
-38
Evaluate (-1 - 23) + (-25 + 0 + 7 - -25).
-17
What is the value of -12 + 1 - (44 - 29 - -44)?
-70
Calculate 46 + -12 + (14 - 4 - (8 + -3)) + 11.
50
What is -27 + (4 - -18) + -21 + 2 + -17?
-41
What is 3419 - 3415 - (2 + -8 + 1)?
9
What is 85 - (-189 - -115 - -151)?
8
-50 + (-18 - ((-259 - -269) + 0 + -20 + 1))
-59
What is the value of (28 - 47) + 31 - 17?
-5
(6 + -7 + -14 - (7 - 32)) + 8
18
Calculate 22 - (-26 + 18) - 38 - -74.
66
Calculate (-34 - -21 - 1) + (-2 - -12) + 14.
10
What is -69 + 161 - (4 - -42)?
46
What is 25 + -23 - (-29 + (-18 - -35))?
14
-7 + -31 - -90 - (-8 + -2 + 1 + -2)
63
(-5 - (-1 - 1 - (-6 - (-26 - -11)))) + -55
-49
What is the value of (-8 - -37) + (-118 - (26 - 24))?
-91
What is the value of (-4 - (2 - (-7 - (2 - 12)))) + 41?
38
Calculate -91 - -86 - (38 - 10).
-33
Evaluate 0 + -10 - (19 + (-70 - -25)).
16
What is (-25 - -52 - (13 - 4) - 90) + 16?
-56
4 - -28 - (18 + -33 + 12)
35
What is 37 + 0 + -17105 + 17019?
-49
What is the value of 0 + 2 + 23 - (-166 - -197 - 37)?
31
What is the value of 3 + -4 + (3 - 7) + (28 - -5)?
28
What is -47 + 83 + -20 - 2?
14
Calculate 18 - (2 + (-7 - 9) + 91).
-59
(2 - 44) + -8 + -1 + 345 + -348
-54
What is the value of -48 - (65 - -6 - 105)?
-14
Calculate -28 - (21 - 45) - (9 - -16).
-29
Calculate 10 + -2 - (30 + (-9 - 37)).
24
What is (-49 - 1) + (-9 - -13 - -2)?
-44
243 - 265 - (-53 + -4 + 5)
30
22 + (0 - 111) + 41 + -4
-52
Calculate -18 - -3 - (-292 - -302).
-25
Evaluate -59 + -53 + -50 + 116.
-46
-59 - (-87 - -82 - (0 + 2))
-52
What is 20 - 44 - -6 - (-3 - -19) - -19?
-15
6 - 9 - -6 - -67 - 5 - (46 + -41)
60
What is -45 - (14 + -1 + 11)?
-69
What is the value of -14 - (41 + -96) - (5 + -7)?
43
Evaluate 25 - -2 - (-9378 - -9312).
93
17 + 0 - (30 + -2) - (132 + 3 + -3)
-143
13 + -2 + (-53 - -9) + 49 - -31
47
Evaluate 6 - 21 - (-62 - (31 + -23)).
55
-31 - (-122 - -40 - -82)
-31
Evaluate -3 + 14 + -16 + 2 + 14 + (0 - 2).
9
Calculate 3886 + -3871 - (86 - (-1 - -1) - 0).
-71
Evaluate -4 - (-20 - (21 + -14 - -16 - 104)).
-65
What is the value of -4 + 20 + -2 + -6 - (32 - 3 - 0)?
-21
What is (2 - -9 - 6 - (-3 - 0) - -5) + -4?
9
Evaluate 64 - (-19 + 6 - (-29 - -4) - 7 - -3).
56
What is the value of -16 - 3 - (93 - (13 - (-24 - -3)))?
-78
What is -17 - (-62 + 42) - (3 - 37)?
37
Evaluate (-4 + -3 + -3 - -39) + -20 + (12 - 6).
15
(141 - ((1 - 5) + 7)) + (27 - 22 - -1)
144
What is the value of 84 + 1 - (-10 - (49 + -57))?
87
What is the value of 12 - 5 - -5 - (135 + -30) - (3 + 1)?
-97
What is the value of 6 + -4 + -1 + -34 + 25 + 11 + 1?
4
Evaluate (139 - 184 - -12) + -1 + -5.
-39
Evaluate -5 + -1 + (30 - 13 - 4).
7
What is the value of (72 - (-13 - -14) - (7 - -4)) + 6?
66
58 - -2 - 0 - (-58 - (140 + -198))
60
Calculate -31 - ((-33 - -66) + -79) - (9 - 1).
7
(109 - 102 - (-2 + 14 + -2)) + 48 + 5
50
-1 - -55 - (1 + -7 - (-88 + 92))
64
Evaluate 95 + -179 + 97 - 35.
-22
10 + -69 + (-75 - -142)
8
What is the value of -22 + (-20 - -28) - (-16 - 2)?
4
What is the value of 22 + (-3 - 3 - 7) + -25?
-16
What is -42 + 7 + -24 + 17 + 13?
-29
What is 114 + (-6 + -23 - 2) + 12?
95
Evaluate (-28 - 2) + (-79 + 1 - -135).
27
What is -71 + (21 - (28 + 21)) + 13 + 2?
-84
Calculate 57 + -12 + 33 + (-1 - -2) + -5 + -4.
70
Calculate 0 - 35 - (-4589 - -4579).
-25
What is the value of (32 - 60) + -18 + (10 - -2)?
-34
What is -8 + (34 - (-30 - -27 - -20))?
9
4 - ((-3 - 4) + 19 - (11 + 87 + -6))
84
What is the value of 110 - (0 + (0 - -12) + (-26 - (79 - 83)))?
120
What is the value of 7 + -8 + -18 + -203 + 228?
6
What is the value of 1105 - 1056 - (17 - 5)?
37
What is the value of (1 - 2) + (-125 + 151 - 22)?
3
Evaluate (-70 - -84 - (2 - -6)) + 121 + -67.
60
Calculate (-37 - -4) + 2 + -9 + 27 - (1 - -46).
-60
-21 + 14 + 0 + -1 + 2 + -3 + 51
42
Calculate 7 + (-24 + -3 + 37 - -57).
74
What is the value of -13 + -29 - -49 - -20?
27
Calculate (2100 - 2128) + -1 + 0.
-29
What is -1 + (-53 - -7) + 101?
54
Calculate -255 + 269 + (5 - 8) + 68.
79
What is 66 - (-44 - (-113 + 94))?
91
Evaluate 42 - 0 - (259 - 283).
66
Evaluate 44 + 24 - 182 - (-4 + -12).
-98
Evaluate (0 - (-72 + 41)) + -41 + -30 + -1 + 0.
-41
What is the value of 6 + -18 + -2 - (-73 - -53) - -72?
78
11 + -18 + 10 + -3 + 12 - (101 - -7)
-96
Calculate 2 + 13 - (20 - (3 - 2) - (-22 + 30)).
4
Calculate 45 + -3 - (-19 - -47) - -33.
47
What is (13 - 3) + (34 - 10) + 27?
61
(0 - 6) + 17 + 6 - (-26 + 42)
1
What is 21 + (-12 + 6 - -24)?
39
What is the value of 2 + 15 + (14 + 9 + 10 - -28)?
78
6 + 8 - -17 - 17 - -6 - -17
37
Evaluate (1552 - 1499) + (1 - 49).
5
Calculate (113 + -118 - (124 - 2) - 9) + 18.
-118
Evaluate -35 - -6 - (1290 + -1269).
-50
What is the value of -3 + 7 + -64 + (-23 - -23 - (-4 + -6))?
-50
(10706 - 10709) + (-3 - -1) + 0 + -87
-92
What is the value of (1 - 139) + (-3060 - -3134)?
-64
Calculate -47 + (21 - (18 + 6)) + 30.
-20
Calculate -57 + (-36 - -32) + 27.
-34
Evaluate 18 + -3 + (36 - -12) - (0 - -6).
57
Evaluate 11 + 34 + -26 - (2 + 5).
12
Calculate (0 - 43) + (6 - (4 + 11 + -15) - 7).
-44
Calculate 24 - (-28 - (-17 + 9)).
44
What is the value of (-4 - 9) + 1 + (-18 - (11 + -13 + -4))?
-24
Evaluate 76 - (-7 + 73 + -38 + -31).
79
Evaluate -20 + 51 + (4 - -26 - 31).
30
What is 1295 + -1334 - (-72 + -2)?
35
What is the value of 77 + (21 - ((-39 - -40) + -30))?
127
Calculate (-2366 - -2433) + -35 + 0.
32
-520 - -515 - (-36 - 5 - 1)
37
6 + 45 + -5 - (-177 + 176)
47
Evaluate 21 + -3 + 6 + (-42 - 14).
-32
(14 - (-32 + 48)) + -3
-5
What is the value of -52 + -4 - -20 - (28 - 23)?
-41
Evaluate -120 + 224 + -44 + -103.
-43
29690 - 29674 - (69 - -2 - 0)
-55
What is the value of 25 + (-22 + 5 - 12) - (-2 + -1 - 25)?
24
What is the value of 13 + -11 + (-131 - -126 - (1 + -9)) + 37?
42
Evaluate -1 + (-1 - -69) + -16.
51
What is -1 + -47 + 19 - -42?
13
Evaluate 2 - ((-2 - (-6 + 18) - -12) + 14).
-10
(30 - 43 - -1) + -58 - (-2 - -21)
-89
Calculate (0 - -2) + 26 + -953 + 939 - -47.
61
What is -284 + 261 + (3 - (26 + 3))?
-49
Calculate -37 - (13 + 25 + -54).
-21
Calculate -14 - (1 - (-4 + (17 - 1) - 36)).
-39
What is the value of -3 + (-21 - ((-2 - 12) + 5)) + 10?
-5
What is the value of -20 + (8 + 15 - 9 - -1)?
-5
What is 35 + (-119 - (23 + -32)) + (12 - 0)?
-63
What is the value of (-41 + 25 - (3 + 9)) + 12?
-16
What is (-1416 + 1406 - (3 - -9 - 3)) + 8?
-11
Calculate (-62 - (-253 + 185)) + (0 - -77).
83
-2 + 9 + 0 + 53 + -20
40
(3 - 3 - 10) + (-41 - -10)
-41
What is 3 - (17 + -4 + -22) - (2 + 46) - 13?
-49
-19 + (6 - (3 + (17 - 9) + -5))
-19
What is -33 + 6 - -61 - 60?
-26
Calculate -12 + 1 + (34 - 28) - (-5 + 13 - -42).
-55
(11 + -15 - 35) + 140 + -156
-55
Evaluate 2 + -3 - 3 - (-397 - -385).
8
What is the value of 57 - (-22 - (-190 + 137))?
26
What is the value of 5 + (-1 + -2 - (4 - (-5 + 26)))?
19
Calculate (0 - -38) + (-263 - -241) - 7.
9
-7 + 1 - 